when 2987 is divided by 2963?
24
Calculate the remainder when 19775 is divided by 96.
95
Calculate the remainder when 826 is divided by 569.
257
Calculate the remainder when 486055 is divided by 9347.
11
What is the remainder when 33033 is divided by 191?
181
Calculate the remainder when 8062 is divided by 1612.
2
Calculate the remainder when 197347 is divided by 32.
3
What is the remainder when 302717 is divided by 3?
2
What is the remainder when 132856 is divided by 26569?
11
Calculate the remainder when 66408 is divided by 511.
489
What is the remainder when 1695113 is divided by 80?
73
Calculate the remainder when 342 is divided by 42.
6
Calculate the remainder when 200746 is divided by 550.
546
Calculate the remainder when 7175 is divided by 1209.
1130
What is the remainder when 166424 is divided by 43?
14
Calculate the remainder when 107975 is divided by 12.
11
Calculate the remainder when 14242 is divided by 581.
298
What is the remainder when 178036 is divided by 748?
12
Calculate the remainder when 39834 is divided by 96.
90
What is the remainder when 16219 is divided by 20?
19
What is the remainder when 120113 is divided by 74?
11
What is the remainder when 11170 is divided by 35?
5
Calculate the remainder when 6779 is divided by 1355.
4
Calculate the remainder when 200635 is divided by 974.
965
Calculate the remainder when 6417 is divided by 33.
15
Calculate the remainder when 29109 is divided by 607.
580
What is the remainder when 2035719 is divided by 1017859?
1
Calculate the remainder when 6246 is divided by 390.
6
Calculate the remainder when 10177 is divided by 5081.
15
What is the remainder when 5974 is divided by 63?
52
What is the remainder when 2667 is divided by 816?
219
Calculate the remainder when 133991 is divided by 174.
11
What is the remainder when 4019 is divided by 444?
23
Calculate the remainder when 21500 is divided by 158.
12
What is the remainder when 3646 is divided by 64?
62
What is the remainder when 5614 is divided by 1048?
374
Calculate the remainder when 18604 is divided by 443.
441
What is the remainder when 5030 is divided by 1155?
410
What is the remainder when 414169 is divided by 44?
41
What is the remainder when 474 is divided by 410?
64
Calculate the remainder when 7401626 is divided by 52.
50
Calculate the remainder when 22949 is divided by 5737.
1
Calculate the remainder when 39444 is divided by 161.
160
What is the remainder when 4109 is divided by 1313?
170
What is the remainder when 43486 is divided by 114?
52
What is the remainder when 53868 is divided by 10?
8
What is the remainder when 37659 is divided by 661?
643
What is the remainder when 155 is divided by 155?
0
What is the remainder when 1257961 is divided by 21?
19
Calculate the remainder when 263443 is divided by 5.
3
Calculate the remainder when 5106 is divided by 13.
10
Calculate the remainder when 13766 is divided by 532.
466
Calculate the remainder when 687920 is divided by 93.
92
Calculate the remainder when 7727 is divided by 3094.
1539
What is the remainder when 21704 is divided by 723?
14
Calculate the remainder when 636292 is divided by 127257.
7
What is the remainder when 28169 is divided by 115?
109
What is the remainder when 22878 is divided by 38?
2
Calculate the remainder when 7307 is divided by 601.
95
Calculate the remainder when 8102 is divided by 136.
78
What is the remainder when 111578 is divided by 19?
10
What is the remainder when 17535 is divided by 1319?
388
What is the remainder when 103965 is divided by 78?
69
What is the remainder when 64054 is divided by 59?
39
Calculate the remainder when 1512 is divided by 258.
222
Calculate the remainder when 203700 is divided by 358.
356
What is the remainder when 1506 is divided by 95?
81
What is the remainder when 25247 is divided by 74?
13
Calculate the remainder when 1653 is divided by 504.
141
Calculate the remainder when 9304 is divided by 27.
16
What is the remainder when 3784850 is divided by 131?
129
What is the remainder when 1601 is divided by 538?
525
What is the remainder when 7267 is divided by 112?
99
What is the remainder when 201849 is divided by 1068?
1065
Calculate the remainder when 200471 is divided by 66807.
50
What is the remainder when 57706 is divided by 647?
123
What is the remainder when 40685 is divided by 3389?
17
What is the remainder when 962 is divided by 929?
33
Calculate the remainder when 5626 is divided by 15.
1
Calculate the remainder when 33547 is divided by 5590.
7
Calculate the remainder when 62642 is divided by 116.
2
What is the remainder when 10141 is divided by 3314?
199
What is the remainder when 505 is divided by 106?
81
What is the remainder when 1299 is divided by 50?
49
What is the remainder when 6981 is divided by 257?
42
Calculate the remainder when 4804 is divided by 437.
434
Calculate the remainder when 25433 is divided by 410.
13
What is the remainder when 5691 is divided by 1426?
1413
Calculate the remainder when 32460 is divided by 738.
726
Calculate the remainder when 83908 is divided by 30.
28
Calculate the remainder when 897 is divided by 152.
137
Calculate the remainder when 9878 is divided by 24.
14
What is the remainder when 1184 is divided by 1086?
98
What is the remainder when 263046 is divided by 79?
55
Calculate the remainder when 71285 is divided by 23758.
11
What is the remainder when 23733 is divided by 300?
33
What is the remainder when 1478 is divided by 64?
6
Calculate the remainder when 21752 is divided by 26.
16
What is the remainder when 148830 is divided by 14?
10
Calculate the remainder when 90218 is divided by 5638.
10
What is the remainder when 5550 is divided by 1366?
86
What is the remainder when 13983 is divided by 518?
515
What is the remainder when 25125 is divided by 28?
9
Calculate the remainder when 414 is divided by 27.
9
Calculate the remainder when 101260 is divided by 589.
541
Calculate the remainder when 11013 is divided by 56.
37
Calculate the remainder when 790068 is divided by 263350.
18
What is the remainder when 682 is divided by 465?
217
Calculate the remainder when 21911 is divided by 45.
41
What is the remainder when 135284 is divided by 84?
44
What is the remainder when 128147 is divided by 205?
22
Calculate the remainder when 227121 is divided by 81.
78
What is the remainder when 1329 is divided by 558?
213
Calculate the remainder when 3185 is divided by 683.
453
Calculate the remainder when 22481 is divided by 7491.
8
Calculate the remainder when 40175 is divided by 34.
21
What is the remainder when 171735 is divided by 21?
18
What is the remainder when 847506 is divided by 169501?
1
What is the remainder when 4077 is divided by 447?
54
What is the remainder when 77023 is divided by 196?
191
Calculate the remainder when 5073 is divided by 35.
33
What is the remainder when 833354 is divided by 628?
626
What is the remainder when 218128 is divided by 32?
16
Calculate the remainder when 10462 is divided by 3487.
1
What is the remainder when 73738 is divided by 3?
1
What is the remainder when 199214 is divided by 199207?
7
Calculate the remainder when 527912 is divided by 57.
35
Calculate the remainder when 14768 is divided by 2953.
3
What is the remainder when 670 is divided by 288?
94
What is the remainder when 175369 is divided by 147?
145
Calculate the remainder when 44765 is divided by 3.
2
Calculate the remainder when 1147 is divided by 360.
67
Calculate the remainder when 32910 is divided by 25.
10
What is the remainder when 404061 is divided by 1199?
1197
What is the remainder when 1822 is divided by 803?
216
Calculate the remainder when 96602 is divided by 48292.
18
What is the remainder when 38422 is divided by 32?
22
Calculate the remainder when 1997555 is divided by 818.
817
Calculate the remainder when 4190 is divided by 2073.
44
Calculate the remainder when 414312 is divided by 38.
36
Calculate the remainder when 1229 is divided by 265.
169
Calculate the remainder when 80508 is divided by 13.
12
Calculate the remainder when 83586 is divided by 36.
30
Calculate the remainder when 214 is divided by 159.
55
What is the remainder when 1804 is divided by 31?
6
Calculate the remainder when 948 is divided by 282.
102
What is the remainder when 80490 is divided 